mine d(13).
-7
Let h(i) = 2*i**2 - 13*i + 27. Determine h(4).
7
Let b(o) = 2*o**3 + 9*o**2 - o + 21. What is b(-5)?
1
Let m(r) = r**2 + 4*r - 3. Calculate m(-3).
-6
Let m(k) = k**2 - 5*k + 3. Calculate m(3).
-3
Let n(g) = g**2 + 14*g + 6. Determine n(-13).
-7
Let x(v) = -9*v - 7. Determine x(2).
-25
Let w(d) = -9*d - 3. Determine w(4).
-39
Let d(b) = b**3 - 18*b**2 + 58*b - 15. What is d(14)?
13
Let u(s) = -s + 13. What is u(14)?
-1
Let w(p) = 2*p**2 - p + 1. Determine w(-3).
22
Let h(w) = -w**2 - 3*w - 6. Calculate h(-4).
-10
Let k(b) = 2*b + 15. What is k(-11)?
-7
Let t(n) = -12*n + 58. Determine t(6).
-14
Let q(l) = 2*l**3 + 10*l**2 - 9*l + 2. Determine q(-6).
-16
Let y(c) = c**3 + 3*c**2 - 11*c - 6. Give y(-4).
22
Let m(l) = -2*l**3 - 12*l**2 + 2*l + 11. Give m(-6).
-1
Let y(n) = -n**2 - 6*n + 3. Give y(-11).
-52
Let t(y) = -5*y - 2. Calculate t(-6).
28
Let w(i) = i**2 + 21*i + 80. What is w(-6)?
-10
Let j(t) = t**3 + 13*t**2 + 2*t - 122. Give j(-12).
-2
Let k(s) = 11*s - 150. Calculate k(17).
37
Let w(p) = -2*p**2 + 19*p - 45. What is w(7)?
-10
Let y(p) = -2*p - 3. Calculate y(9).
-21
Let y(h) = 15*h - 9. Calculate y(4).
51
Let n(m) = -m**2 + 7*m + 2. Calculate n(8).
-6
Let a(q) = 4*q**2 + 4*q - 2. Give a(-3).
22
Let d(t) = 21*t + 162. What is d(-9)?
-27
Let k(r) = r**3 + 5*r**2 - r - 5. What is k(-4)?
15
Let y(o) = 46*o. Calculate y(1).
46
Let n(i) = i - 11. Determine n(4).
-7
Let j(u) = -u**2 + 25*u - 16. What is j(24)?
8
Let h(x) = -x**3 - 25*x**2 + 27*x + 35. Calculate h(-26).
9
Let u(a) = -3*a**2 - 48*a. Give u(-16).
0
Let b(o) = o**3 + 9*o**2 + o - 11. Calculate b(-9).
-20
Let x(h) = 4*h**2 + 6*h - 25. What is x(5)?
105
Let i(t) = t**3 + 5*t**2 + 1. Give i(-5).
1
Let o(y) = y + 12. Give o(-8).
4
Let n(s) = -s**2 + 8*s - 2. Determine n(8).
-2
Let m(y) = y**2 - 36. Calculate m(8).
28
Let a(z) = z**3 - 6*z**2 + 5. Determine a(4).
-27
Let l(b) = -b**3 - 11*b**2 + b + 13. Determine l(-11).
2
Let k(o) = o**2 + 9*o + 6. Calculate k(-7).
-8
Let b(j) = -j**2 + 10*j - 20. Calculate b(8).
-4
Let r(q) = q**2 - 14*q + 31. Determine r(6).
-17
Let p(c) = -41*c - 1. Determine p(-1).
40
Let p(z) = -13*z - 7. Calculate p(-1).
6
Let y(r) = -r**3 + 9*r**2 - 11*r + 9. Give y(5).
54
Let x(f) = 5*f + 48. Give x(-11).
-7
Let z(j) = -11*j - 95. Calculate z(-8).
-7
Let l(b) = 2*b + 40. Calculate l(-13).
14
Let f(v) = 120*v - 477. Calculate f(4).
3
Let d(z) = -z**2 + 13*z + 11. Calculate d(14).
-3
Let o(y) = -6*y + 67. Determine o(11).
1
Let n(u) = 2*u**3 - u**2 + 1. Give n(1).
2
Let b(w) = -3*w**2 + 3*w + 1. Give b(5).
-59
Let c(y) = -y**2 + 9*y - 20. What is c(5)?
0
Let h(z) = -z**3 + 7*z**2 + 23*z - 38. Calculate h(9).
7
Let m(p) = -2*p**2 + 11*p - 1. Calculate m(6).
-7
Let i(s) = 23*s**2 + 2*s - 1. Calculate i(1).
24
Let l(t) = -t**2 + t + 1. Calculate l(3).
-5
Let y(b) = -b**2 - 14*b - 38. Give y(-4).
2
Let h(p) = 2*p - 5. Determine h(2).
-1
Let l(q) = 5*q + 51. Calculate l(-9).
6
Let x(u) = -2*u**3 + u**2 + 9*u - 5. Determine x(3).
-23
Let x(p) = p**3 + 5*p**2 - 11*p + 19. What is x(-6)?
49
Let c(v) = v**2 + 4*v - 5. Calculate c(-4).
-5
Let s(i) = -6*i + 28. Determine s(4).
4
Let r(l) = l**2 - 13*l - 36. What is r(12)?
-48
Let l(v) = 2*v**2 + 33*v - 15. Give l(-16).
-31
Let a(f) = -f**2 - 36*f - 69. Determine a(-34).
-1
Let m(f) = -f**2 - 25*f - 3. What is m(-25)?
-3
Let k(j) = 9*j - 361. Determine k(40).
-1
Let j(o) = 7*o + 7. What is j(-2)?
-7
Let n(u) = u**3 - 48*u**2 + 90*u + 107. Determine n(46).
15
Let q(o) = o - 6. Determine q(10).
4
Let k(u) = u**3 - 7*u**2 - 16*u - 21. What is k(9)?
-3
Let b(l) = l**2 - 22*l + 28. Determine b(20).
-12
Let m(h) = h**2 - 11*h + 2. Determine m(5).
-28
Let c(d) = -4*d**2 - 29*d - 141. What is c(-5)?
-96
Let p(t) = -t**3 + t**2 + 3*t - 4. What is p(3)?
-13
Let b(d) = -d**3 - 5*d**2 - 6*d - 22. What is b(-5)?
8
Let q(z) = 34*z + 12. Determine q(4).
148
Let b(d) = -10*d - 103. Give b(-11).
7
Let f(r) = 3*r**2 + 15*r + 5. Calculate f(-5).
5
Let r(n) = -3*n**2 + 7*n. Give r(5).
-40
Let b(f) = f**3 + 9*f**2 + 11*f - 2. Give b(-8).
-26
Let v(c) = 21*c + 6. Calculate v(5).
111
Let v(i) = -i**2 - 14*i + 12. Give v(-15).
-3
Let o(w) = -w**3 - 7*w**2 + 10*w + 15. What is o(-7)?
-55
Let t(o) = -o**3 + 7*o**2 + 17*o + 4. Determine t(9).
-5
Let u(j) = -6*j + 74. Calculate u(13).
-4
Let l(h) = -h**3 + h**2 + h - 1. Give l(-2).
9
Let k(b) = -b**3 - 17*b**2 - b - 16. Give k(-17).
1
Let r(l) = -2*l**2 + 7*l + 12. Determine r(-6).
-102
Let v(h) = -h**3 - 6*h**2 - 7*h - 6. Give v(-5).
4
Let z(d) = -d**2 - 14*d + 70. Determine z(-19).
-25
Let a(c) = 2*c**2 + 68*c + 82. Determine a(-33).
16
Let d(p) = -p**2 - 18*p - 4. Give d(-7).
73
Let i(g) = -g + 6. Give i(7).
-1
Let a(q) = q**2 - 8*q + 6. What is a(6)?
-6
Let z(c) = -c**3 - 8*c**2 - 17*c - 14. Calculate z(-6).
16
Let r(f) = -2*f**2 - 15*f - 1. What is r(-6)?
17
Let z(q) = q**2 - 6*q - 12. Give z(6).
-12
Let s(g) = g**3 - 26*g**2 - 28*g + 19. Give s(27).
-8
Let g(i) = i - 34. Determine g(5).
-29
Let j(o) = -15*o - 493. Calculate j(-34).
17
Let u(b) = -6*b + 27. Determine u(12).
-45
Let c(w) = -w**3 + 44*w**2 + 44*w + 40. Calculate c(45).
-5
Let u(y) = 9*y + 73. What is u(-8)?
1
Let l(f) = -f + 3. Calculate l(0).
3
Let o(j) = 6*j - 77. What is o(11)?
-11
Let u(j) = -j**3 - 16*j**2 - 16*j - 22. Give u(-15).
-7
Let v(g) = -2*g**3 - 37*g**2 - 20*g - 44. Calculate v(-18).
-8
Let m(r) = -r**2 - 36*r + 31. What is m(-37)?
-6
Let h(p) = -p**2 - 9*p - 14. What is h(-2)?
0
Let h(k) = -k**3 - 5*k**2 + 3*k - 4. Give h(-6).
14
Let p(c) = 39*c**2 + c + 1. Give p(-1).
39
Let c(t) = -2*t**2 + 36*t - 64. What is c(16)?
0
Let c(u) = -2*u**2 - 12*u + 3. Give c(-5).
13
Let t(w) = 2*w - 48. What is t(-12)?
-72
Let g(u) = u**3 + u**2 + u. What is g(-2)?
-6
Let z(q) = q**2 + 16*q + 68. Calculate z(-12).
20
Let h(m) = -m**3 + 8*m**2 - 8*m + 2. Calculate h(6).
26
Let b(c) = -2*c + 19. Calculate b(11).
-3
Let i(g) = -g**2 + 3*g + 1. Calculate i(6).
-17
Let s(f) = -12*f**2 - f. Give s(-1).
-11
Let n(t) = -33*t + 3. Calculate n(-3).
102
Let a(n) = -n**3 - 6*n**2 - 5*n + 6. What is a(-5)?
6
Let i(m) = m**3 - 2*m**2 - 4*m + 7. Determine i(2).
-1
Let z(o) = -o**3 - 12*o**2 - 10*o + 16. What is z(-11)?
5
Let y(b) = -b**2 - 14*b + 16. Calculate y(-8).
64
Let k(g) = -g**3 - 18*g**2 + 11*g - 160. What is k(-19)?
-8
Let y(n) = -n**2 + 19*n + 12. Give y(20).
-8
Let i(n) = -4*n - 38. Give i(-8).
-6
Let z(i) = -2*i**3 - 6*i**2 + 4. Determine z(-2).
-4
Let o(y) = 5*y**2 - 1. What is o(1)?
4
Let u(w) = 7*w + 244. Determine u(-35).
-1
Let s(n) = -17*n + 126. Determine s(7).
7
Let t(x) = -x**2 + 13*x + 53. Give t(16).
5
Let z(g) = g**3 + 11*g**2 + 10*g - 12. Calculate z(-10).
-12
Let x(z) = z**2 + 2*z + 6. Determine x(-3).
9
Let b(g) = -2*g**3 - 13*g**2 - 21*g - 21. What is b(-5)?
9
Let r(c) = -c**2 + 6*c - 5. Determine r(5).
0
Let z(r) = -r**3 + 5*r**2 - 5*r + 4. Give z(4).
0
Let s(f) = -f**3 + 10*f**2 + 3*f - 17. Give s(7).
151
Let f(s) = -s**2 - 4*s + 34. Give f(0).
34
Let w(o) = -o**3 + 4*o**2 + 4*o - 7. Calculate w(5).
-12
Let q(z) = z**3 - 19*z**2 - 43*z + 23. Give q(21).
2
Let w(f) = f**2 - 12*f + 14. Give w(8).
-18
Let q(a) = -a**2 + 5*a + 70. Determine q(11).
4
Let t(r) = -r + 20. What is t(13)?
7
Let j(w) = w**3 + 7*w**2 - 9*w - 9. Determine j(-8).
-1
Let q(d) = d - 60. Determine q(6).
-54
Let u(q) = 9*q - 39. Determine u(5).
6
Let c(n) = 2*n**3 + 2*n**2 - n + 2. Calculate c(-2).
-4
Let o(g) = 35*g - 7. Determine o(-3).
-112
Let y(x) = -4*x**3 - 7*x**2 + 1. Calculate y(-2).
5
Let p(u) = 10*u + 23. Calculate p(-7).
-47
Let m(r) = -r - 1. Determine m(5).
-6
Let b(s) = -s**3 - s**2 - 48. Give b(0).
-48
Let r(x) = x**2 - 11*x - 5. Determine r(12).
7
Let o(c) = c**3 + 2*c**2 - 9*c + 13. What is o(-6)?
-77
Let v(t) = 3*t + 34. Give v(-9).
7
Let r(a) = 2*a + 1. What is r(-1)?
-1
Let r(u) = -48*u - 243. Give r(-5).
-3
Let p(z) = z**2 - 21*z - 7. Calculate p(24).
65
Let z(p) = -17*p + 1170. Give z(69).
-3
Let t(k) = -k**3 + 5*k**2 + 4*k - 9. Determine t(5).
11
Let j(z) = 19*z + 148. Calculate j(-9).
-23
Let u(q) = q**3 + 12*q**2 + 10*q - 13. What is u(-11)?
-2
Let i(h) = -28*h - 358. Calculate i(-13).
6
Let f(q) = -q**2 - q + 2. Calculate f(2).
-4
Let g(h) = -5*h + 3. Give g(1).
-2
Let o(z) = 23*z + 86. Give o(-4).
-6
L